uppose 5*m - 2*m - 9 = 0. Let v(g) = 5*g**3 + g**2 - 3*g - 2. Let n be v(m). What is the units digit of (-11)/22 - n/(-2)?
6
What is the hundreds digit of 20/(-8)*(5 + 3899/(-35))?
2
Let z(b) = 5*b + 4*b - 2 - 5*b. Let n be z(10). Suppose -n = -4*i + 74. What is the units digit of i?
8
Let z be (4 - 0) + (-13 - -15). Let k be 2/z*6*3. Suppose k*u = 10*u - 188. What is the tens digit of u?
4
Let s(n) = -n**2 + 20*n + 4. Let g = 53 - 33. Let l be s(g). Suppose 13 + 19 = l*k. What is the units digit of k?
8
Let q = -811 + 1565. What is the hundreds digit of q?
7
Let t be ((-1 + 0)*(-12 - -12))/1. Let d(h) = 4 + 0 + 2*h**2 - h - 1. What is the units digit of d(t)?
3
Let v be (3 - 3)*3/6. Suppose v = -3*m + 11 + 10. Suppose 0 = -2*s - 5*u - 11, -2*s + 2*u = -m - 3. What is the units digit of s?
2
Suppose -2 = -2*s + 4. Suppose -s*d = 6, 3*d - 10 = -a - 48. Let r = a + 52. What is the units digit of r?
0
Let v = -72 + 73. What is the tens digit of (-71 + (6 - 2))*(-2 + v)?
6
Let k = -65 - -239. Let s = k - 115. What is the tens digit of s?
5
Let s = -1180 + 1928. What is the tens digit of s?
4
Let k(r) = 14*r + 17. Let t be k(0). Suppose -10*a = -t*a + 777. What is the tens digit of a?
1
What is the hundreds digit of (12/(-2))/((-9)/1230)?
8
Suppose 0*p = -8*p + 1704. What is the hundreds digit of p?
2
Suppose 4*l + 7*t - 139 = 4*t, -t = 5*l - 171. Suppose 206 = 2*z + l. What is the units digit of z?
6
Suppose 102 = -k + 350. What is the tens digit of k?
4
Let o = -861 - -1340. What is the hundreds digit of o?
4
Suppose 5*k - 656 = -2*b - 251, 3*b + 4*k = 625. Suppose 90 = 5*q - b. What is the units digit of q?
1
Suppose 2*g - g = 4. Suppose -5*z + 3*i + 57 = 0, 17 = g*z - 2*i - 29. Let u = -11 + z. What is the units digit of u?
1
Suppose 2*v - 4 = 6*v. What is the tens digit of ((-176)/6*v)/((-8)/(-24))?
8
Suppose 3*r + 3*r = 0. Suppose -2*q - 1 - 11 = r. Let z = q + 30. What is the tens digit of z?
2
Let x be -4 + 7 - (-1 + 0). Suppose 32 = 4*h + x*a, 3*a + 1 = -2*h + 4*h. Suppose 3*p - p - 3*f = 25, -h*p + f + 43 = 0. What is the units digit of p?
8
Suppose -14*f - 29 = -15*f. Let r = 130 - f. What is the tens digit of r?
0
Let d(q) = q**3 + 2*q + 26. Let z(s) = s + 22. Let o be z(-15). Suppose o*n = 2*n. What is the tens digit of d(n)?
2
Suppose 1680 = 2*x + 3*x. Suppose -5*o + x + 309 = 0. What is the units digit of o?
9
Suppose -2*b + 40 - 10 = -5*a, 4*a = -3*b - 1. Suppose 3*z - 8 = -2*h - 2*h, -b*h = -z + 28. What is the units digit of (-112)/(-3) - z/(-12)?
8
Suppose 3*g - 776 = -4*t, 4*g - g - 800 = 2*t. Let v = 376 - g. What is the units digit of v?
2
What is the hundreds digit of (-54350)/125*5/(-2)?
0
Let t = -262 + 342. What is the units digit of t?
0
Suppose 0 = -3*g + 3*u + 2016, -7*g = -5*g + 3*u - 1359. What is the units digit of g?
5
Let l be (-5)/(1 + 16/(-12)). Suppose 30 - l = -f. Let k = -5 - f. What is the tens digit of k?
1
Let l be (-13 + (-1)/(-1))*12. Let q = 205 + l. What is the units digit of (-3)/(-1) + (q - 0)?
4
Suppose 5*t + 3*c + 36 = 0, -2*t - 43 + 10 = -5*c. Let v = 12 + t. What is the units digit of v?
3
Let b = 1453 + 1521. What is the hundreds digit of b?
9
Suppose 3*c + 15 = 0, 4*k - 6*c + c - 793 = 0. What is the tens digit of k?
9
Let a(y) = 5*y + 1. Let w be a(4). Let r(v) = v**2 - v - 1. Let c be r(-2). Suppose -c*t + x = -4*t - w, -55 = -3*t - 5*x. What is the units digit of t?
0
Let a = -8 - -7. Let f be 0/(2/(1 - a)). Suppose -3*x + 9 = 0, -2*x = -5*o - f*x + 74. What is the tens digit of o?
1
Let j(x) = -x**3 - 15*x**2 - 14*x + 5. Let i be j(-14). Suppose i*q - 128 = -3*c + 426, 3*q + 3*c = 336. What is the tens digit of q?
0
Let v be 2/12 - 232/(-48). Suppose -3*a + q = -a - 77, 3*q - 176 = -v*a. What is the tens digit of a?
3
Suppose 18*d - 113447 = -23*d. What is the thousands digit of d?
2
Suppose 5*h - 22 = -z, -5*z + 21 + 45 = 3*h. Suppose 4*d + 9 = 3*o, -4*o + d + z = 3*d. Suppose 4*b - 42 = -2*n, -o*n = -4*n - 3. What is the units digit of b?
2
Let i = -15 - -38. Let l = i + 27. What is the tens digit of l?
5
Let t(q) = 49*q**2 + 9*q + 2. Let g be t(-4). What is the tens digit of ((-4)/(-10))/(5/g)?
6
Suppose 5*j - 11060 = -4*w - w, -3*w + 6624 = -3*j. What is the tens digit of w?
1
Let v be 12/5 - 20/50. Suppose v*q - 265 = -3*q + 5*r, 3*r = 4*q - 214. What is the tens digit of q?
5
Suppose -5*a + 526 = 2*y, -2*y + 62 = -5*a - 444. Suppose 0 = -h + 5*h. Suppose h = 5*n - y + 58. What is the units digit of n?
0
Let v = 229 - -111. Suppose -10*j = v - 1560. What is the units digit of j?
2
Suppose -4*q + 2*i + 13354 = 0, -2*q - 4*i = -4552 - 2140. What is the units digit of q?
0
Let q(l) = 6*l**2 - 6*l - 44. What is the units digit of q(8)?
2
Suppose 0 = -k + 3*q, 2*k - 5*q = -3*q. Suppose k*a + 5*a = -2*m + 11, 0 = -5*m + 3*a + 105. What is the tens digit of m?
1
What is the hundreds digit of (-8)/(2*5/(-355))?
2
Let b(u) = -u**2 + 3*u - 50. Let s(w) = -4*w**2 + 10*w - 149. Let c(n) = -7*b(n) + 2*s(n). Let v be (1 + -1)/(-15 - -18). What is the units digit of c(v)?
2
Let f = -88 - -93. Suppose -y - 5*b = -189, 0*y - 5*b + 1005 = f*y. What is the units digit of y?
4
Let q be (-6)/(-14) - 44/(-28). Suppose q = -j - 0*j. What is the units digit of ((-1)/j)/((-6)/(-12))?
1
Suppose j + 11 = -4*u + 33, -4 = 2*j. Let d(y) = 2*y**2 - 36. What is the units digit of d(u)?
6
Suppose 3153 = 9*s - 6747. What is the thousands digit of s?
1
Suppose 4*k = -4*m, -17 + 1 = -k - 5*m. What is the units digit of -2 + (1 - (k + 2) - -63)?
4
Let h be 1*(3 - (-3 + 7))*-5. Suppose 158 = h*j - 3*j. What is the units digit of j?
9
Let r = 23 + 194. Suppose 5*t = r + 98. What is the tens digit of t/4 - 18/24?
1
Let q(n) = 141*n. What is the units digit of q(6)?
6
Let h be (-1 + 1 - -90) + 4 + -3. Suppose 5*j - 419 = h. What is the tens digit of j?
0
Let g = 27 - 31. Let j be (g - (-22)/6)*-57. Suppose -2*o + 3*s + 67 = 0, -o - 3 = 2*s - j. What is the tens digit of o?
2
What is the units digit of (-13940)/(-15) - (-4)/(-3)?
8
Let k = 235 - -1813. What is the thousands digit of k?
2
Suppose 0 = -c - 1, -2*v = 4*c - 276. Suppose g - v = -4*g. Suppose 4*u - g = 60. What is the tens digit of u?
2
Suppose 5*r + g - 11 = 0, -2*g - 2 - 3 = r. Suppose -2*n + 374 = 3*j, j + r*n - 118 = 4*n. What is the tens digit of j?
2
Suppose -2*d - 128 = -5*v + 14, 5*d + 40 = 2*v. Suppose -3*r = -r + v. Let k = r - -40. What is the units digit of k?
5
Let t be -18*1*6/(-9). Let n be ((-42)/9)/((-8)/t). Let y(k) = k**2 - 2*k + 8. What is the units digit of y(n)?
3
Let w(f) = 2*f**3 + 2*f**2 - f + 5. Let p = -33 - -36. What is the units digit of w(p)?
4
Let x(o) = 3*o - 4. Let b be x(6). Let t(f) = f**2 - 9*f - 9. Let h be t(b). What is the tens digit of h - 4 - (-1 - -2)?
5
Suppose -5*b + 4*g = -8*b + 1054, -2*b - 5*g + 698 = 0. Suppose 2*v - b = n - 3*n, -3*n + 531 = v. What is the hundreds digit of n?
1
Let s be 6/9*132*6. Suppose -p + x = -105, p + 4*p - 4*x - s = 0. What is the tens digit of p?
0
Suppose -m = 2*c + 10, -2*c + 7*c = 4*m - 25. What is the units digit of (16 - 32)*(10/(-8) + m)?
0
Suppose 10*r - 2*r = 280. Let b = 92 - r. What is the units digit of b?
7
Let a(g) = -g - 5. Let o be a(-7). Suppose 88 = -5*w - o*m + 505, 3*m + 437 = 5*w. What is the tens digit of w?
8
Suppose 13*m - 381 = 5*k + 16*m, 5*k + 5*m + 375 = 0. Let z = 89 + k. What is the tens digit of z?
1
Let n = -19 - -33. Suppose 5*l + n = 24. Suppose -230 = -5*s - 2*g, -4*s + l*g + 212 = -2*g. What is the tens digit of s?
4
Let o(d) = 129*d**2 + 11*d + 46. What is the thousands digit of o(-3)?
1
Let o(v) = -v**2 + v - 1. Let s be o(1). What is the tens digit of 2 + -5 + (s - -64)?
6
Suppose 10*x = 5*x - 2*a + 49, -4*a = -3*x + 45. Suppose -x - 5 = -2*i. What is the units digit of i?
8
Let x(r) = 20*r - 22. Let v be x(5). Suppose v = w + 14. What is the units digit of w?
4
Suppose -58*x + 89*x = 5301. What is the hundreds digit of x?
1
Let p(a) = -a**3 - 4*a**2 - 4*a - 2. Suppose 2*n + 2 = -2. Let l be p(n). What is the units digit of (l/3)/((-8)/36)?
3
Suppose 2*z + 5*z - 938 = 0. Suppose z = 7*w - 2*w + b, 0 = -4*b - 4. Suppose 3 = -2*p + w. What is the units digit of p?
2
Suppose -3 = -s, -s = -3*t + 3*s - 21. What is the tens digit of (-2443)/(-21) + (2 - (